it of 375422?
5
What is the tens digit of 31179?
7
What is the hundred thousands digit of 543005?
5
What is the ten millions digit of 11364356?
1
What is the hundreds digit of 11516516?
5
What is the ten thousands digit of 194764?
9
What is the tens digit of 83132?
3
What is the ten thousands digit of 3906547?
0
What is the tens digit of 34676?
7
What is the ten thousands digit of 392397?
9
What is the ten millions digit of 33843288?
3
What is the units digit of 7247486?
6
What is the ten thousands digit of 373125?
7
What is the thousands digit of 104728?
4
What is the thousands digit of 148650?
8
What is the ten thousands digit of 1523557?
2
What is the millions digit of 3931550?
3
What is the hundred thousands digit of 247054?
2
What is the hundreds digit of 110?
1
What is the millions digit of 2676460?
2
What is the ten thousands digit of 106695?
0
What is the units digit of 10250219?
9
What is the units digit of 91095?
5
What is the units digit of 91963?
3
What is the units digit of 1287055?
5
What is the hundred thousands digit of 108671?
1
What is the millions digit of 7905732?
7
What is the ten thousands digit of 248192?
4
What is the millions digit of 2472761?
2
What is the millions digit of 1402508?
1
What is the thousands digit of 139504?
9
What is the ten thousands digit of 2387333?
8
What is the thousands digit of 37005469?
5
What is the tens digit of 86605?
0
What is the millions digit of 13222010?
3
What is the hundreds digit of 23650116?
1
What is the tens digit of 192231?
3
What is the ten thousands digit of 27879?
2
What is the thousands digit of 522320?
2
What is the hundreds digit of 32864?
8
What is the hundred thousands digit of 962676?
9
What is the hundreds digit of 8324636?
6
What is the hundreds digit of 276553?
5
What is the thousands digit of 1949193?
9
What is the hundred thousands digit of 30399563?
3
What is the ten thousands digit of 1845454?
4
What is the millions digit of 28404268?
8
What is the hundred thousands digit of 22349113?
3
What is the hundreds digit of 505297?
2
What is the hundreds digit of 727042?
0
What is the ten thousands digit of 672727?
7
What is the thousands digit of 696539?
6
What is the hundred thousands digit of 2627726?
6
What is the thousands digit of 117625?
7
What is the units digit of 16680765?
5
What is the thousands digit of 1721394?
1
What is the tens digit of 3000?
0
What is the hundred thousands digit of 1204114?
2
What is the units digit of 826944?
4
What is the thousands digit of 649240?
9
What is the thousands digit of 77786?
7
What is the ten millions digit of 17461577?
1
What is the units digit of 11807588?
8
What is the hundred thousands digit of 375249?
3
What is the hundred thousands digit of 242984?
2
What is the thousands digit of 947232?
7
What is the millions digit of 1580820?
1
What is the thousands digit of 293105?
3
What is the tens digit of 1210305?
0
What is the ten thousands digit of 822895?
2
What is the ten millions digit of 12653238?
1
What is the tens digit of 12315148?
4
What is the thousands digit of 109242?
9
What is the tens digit of 278497?
9
What is the tens digit of 5018742?
4
What is the units digit of 276768?
8
What is the hundreds digit of 1348592?
5
What is the ten thousands digit of 22355433?
5
What is the units digit of 669668?
8
What is the tens digit of 29776949?
4
What is the tens digit of 18467?
6
What is the tens digit of 1052467?
6
What is the hundreds digit of 6294447?
4
What is the units digit of 1142699?
9
What is the hundreds digit of 306128?
1
What is the thousands digit of 248937?
8
What is the ten thousands digit of 1164570?
6
What is the hundreds digit of 684131?
1
What is the tens digit of 154337?
3
What is the units digit of 22080589?
9
What is the thousands digit of 7467112?
7
What is the hundreds digit of 2611869?
8
What is the tens digit of 8672325?
2
What is the units digit of 91318?
8
What is the hundred thousands digit of 30448490?
4
What is the hundreds digit of 6213714?
7
What is the millions digit of 1591042?
1
What is the thousands digit of 26719238?
9
What is the tens digit of 366948?
4
What is the thousands digit of 988420?
8
What is the hundred thousands digit of 5347861?
3
What is the tens digit of 135925?
2
What is the thousands digit of 470985?
0
What is the thousands digit of 13298733?
8
What is the thousands digit of 4796985?
6
What is the hundred thousands digit of 185218?
1
What is the units digit of 2520953?
3
What is the millions digit of 1848246?
1
What is the hundred thousands digit of 2353197?
3
What is the units digit of 80264?
4
What is the hundreds digit of 627012?
0
What is the tens digit of 330869?
6
What is the tens digit of 107264?
6
What is the tens digit of 190439?
3
What is the tens digit of 1210547?
4
What is the hundred thousands digit of 21772880?
7
What is the thousands digit of 550566?
0
What is the ten thousands digit of 5860659?
6
What is the units digit of 1153046?
6
What is the hundreds digit of 23685?
6
What is the ten thousands digit of 7274770?
7
What is the thousands digit of 633332?
3
What is the hundred thousands digit of 1531980?
5
What is the hundred thousands digit of 24883743?
8
What is the hundreds digit of 65113?
1
What is the hundred thousands digit of 177991?
1
What is the ten millions digit of 13773364?
1
What is the thousands digit of 745023?
5
What is the units digit of 9170622?
2
What is the millions digit of 1024646?
1
What is the ten thousands digit of 384594?
8
What is the ten thousands digit of 2023639?
2
What is the millions digit of 7088533?
7
What is the hundred thousands digit of 395076?
3
What is the tens digit of 135992?
9
What is the units digit of 12255478?
8
What is the thousands digit of 503118?
3
What is the thousands digit of 111665?
1
What is the hundreds digit of 20037055?
0
What is the thousands digit of 2162412?
2
What is the thousands digit of 153337?
3
What is the hundred thousands digit of 4594397?
5
What is the hundreds digit of 759149?
1
What is the millions digit of 1802924?
1
What is the hundred thousands digit of 15453511?
4
What is the ten thousands digit of 3918413?
1
What is the tens digit of 363888?
8
What is the hundred thousands digit of 498543?
4
What is the units digit of 111442?
2
What is the units digit of 4616136?
6
What is the thousands digit of 142275?
2
What is the hundreds digit of 1060125?
1
What is the ten thousands digit of 24306853?
0
What is the hundreds digit of 702782?
7
What is the hundreds digit of 142793?
7
What is the thousands digit of 470150?
0
What is the tens digit of 4869425?
2
What is the ten thousands digit of 56700?
5
What is the hundred thousands digit of 801251?
8
What is the units digit of 2949928?
8
What is the thousands digit of 2088991?
8
What is the hundred thousands digit of 2424798?
4
What is the ten millions digit of 13872979?
1
What is the hundred thousands digit of 1653819?
6
What is the units digit of 8823210?
0
What is the units digit of 510299?
9
What is the ten thousands digit of 165899?
6
What is the units digit of 1147376?
6
What is the tens digit of 65699?
9
What is the hundred thousands digit of 621376?
6
What is the ten thousands digit of 19155831?
5
What is the tens digit of 4744721?
2
What is the thousands digit of 471684?
1
What is the thousands digit of 941620?
1
What is the thousands digit of 1419416?
9
What is the tens digit of 1963249?
4
What is the millions digit of 3368859?
3
What is the tens digit of 5963154?
5
What is the thousands digit of 28450?
8
What is the ten thousands digit of 1611279?
1
What is the hundreds digit of 496662?
6
What is the hundreds digit of 324000?
0
What is the units digit of 1461660?
0
What is the thousands digit of 91032?
1
What is the thousands digit of 935061?
5
What is the thousands digit of 24276836?
6
What is the units digit of 12505008?
8
What is the units digit of 9091?
1
What is the thousands digit of 885103?
5
What is the tens digit of 187527?
2
What is the tens digit of 1318274?
7
What is the tens digit of 2261539?
3
What is the tens digit of 70529?
2
What is the hundred thousands digit of 2100938?
1
What is the hundreds digit of 27893?
8
What is the hundreds digit of 1030117?
1
What is the units digit of 7675327?
7
What is the hundred